{"id":9293,"date":"2017-02-16T13:53:27","date_gmt":"2017-02-16T18:53:27","guid":{"rendered":"http:\/\/www.georgeglazer.com\/wpmain\/?post_type=product&#038;p=9293"},"modified":"2017-12-14T16:07:05","modified_gmt":"2017-12-14T21:07:05","slug":"mollusks-of-south-america-shell-lithographs-by-m-h-hupe-paris-1857","status":"publish","type":"product","link":"https:\/\/www.georgeglazer.com\/wpmain\/product\/mollusks-of-south-america-shell-lithographs-by-m-h-hupe-paris-1857\/","title":{"rendered":"Natural History Art, Sea Shells, M.H. Hupe, 1857, Antique Print"},"content":{"rendered":"<div><\/div>\n","protected":false},"excerpt":{"rendered":"<p>M.H. Hup\u00e9<br \/>\n<strong>Mollusques de L&#8217;Amerique du Sud<br \/>\n[Mollusks of South America]<\/strong><br \/>\nP. Bertrand, Paris: 1857<br \/>\nHand-colored lithographs on paper<br \/>\n12 x 9 inches each<br \/>\n$350 each<\/p>\n<p>Large set of richly detailed natural history prints of land and river mollusk shells. They combine precise scientific observation with aesthetically pleasing compositions showcasing the natural colors, textures, and shapes of the specimens.<\/p>\n<p>The shells were illustrated as part of a French government expedition lead by Castelnau between 1843 and 1847, further described by the subtitle: &#8220;New or Rare Animals Recorded During the Expedition into the Central Parts of South America, from Rio de Janeiro to Lima, and from Lima to Para.&#8221; This expedition was sponsored by the French government. Castelnau was awarded a medal from the Soci\u00e9t\u00e9 de G\u00e9ographie.<\/p>\n<p>Condition: Each generally very good with the usual overall light toning and wear. Some with occasional light spotting. Most are finished with gum arabic to simulate the sheen of actual shells.<\/p>\n","protected":false},"featured_media":16140,"template":"","meta":{"wds_primary_product_brand":0,"wds_primary_product_cat":0,"footnotes":""},"product_brand":[],"product_cat":[902],"product_tag":[42,4875,41,4872,4874,2392,867,1003,4871,4873,1472,1673,3193,3177,935,3939],"class_list":{"0":"post-9293","1":"product","2":"type-product","3":"status-publish","4":"has-post-thumbnail","6":"product_cat-marine","7":"product_tag-19th-century","8":"product_tag-bertrand","9":"product_tag-french","10":"product_tag-hupe","11":"product_tag-lamerique","12":"product_tag-life","13":"product_tag-lithograph","14":"product_tag-marine","15":"product_tag-mollusks","16":"product_tag-mollusques","17":"product_tag-paris","18":"product_tag-print","19":"product_tag-seashell","20":"product_tag-shell","21":"product_tag-south-america","22":"product_tag-sud","23":"post","24":"post-with-thumbnail","25":"post-with-thumbnail-large","27":"first","28":"instock","29":"purchasable","30":"product-type-simple"},"_links":{"self":[{"href":"https:\/\/www.georgeglazer.com\/wpmain\/wp-json\/wp\/v2\/product\/9293","targetHints":{"allow":["GET"]}}],"collection":[{"href":"https:\/\/www.georgeglazer.com\/wpmain\/wp-json\/wp\/v2\/product"}],"about":[{"href":"https:\/\/www.georgeglazer.com\/wpmain\/wp-json\/wp\/v2\/types\/product"}],"version-history":[{"count":1,"href":"https:\/\/www.georgeglazer.com\/wpmain\/wp-json\/wp\/v2\/product\/9293\/revisions"}],"predecessor-version":[{"id":16999,"href":"https:\/\/www.georgeglazer.com\/wpmain\/wp-json\/wp\/v2\/product\/9293\/revisions\/16999"}],"wp:featuredmedia":[{"embeddable":true,"href":"https:\/\/www.georgeglazer.com\/wpmain\/wp-json\/wp\/v2\/media\/16140"}],"wp:attachment":[{"href":"https:\/\/www.georgeglazer.com\/wpmain\/wp-json\/wp\/v2\/media?parent=9293"}],"wp:term":[{"taxonomy":"product_brand","embeddable":true,"href":"https:\/\/www.georgeglazer.com\/wpmain\/wp-json\/wp\/v2\/product_brand?post=9293"},{"taxonomy":"product_cat","embeddable":true,"href":"https:\/\/www.georgeglazer.com\/wpmain\/wp-json\/wp\/v2\/product_cat?post=9293"},{"taxonomy":"product_tag","embeddable":true,"href":"https:\/\/www.georgeglazer.com\/wpmain\/wp-json\/wp\/v2\/product_tag?post=9293"}],"curies":[{"name":"wp","href":"https:\/\/api.w.org\/{rel}","templated":true}]}}