{"id":9183,"date":"2017-02-16T13:52:22","date_gmt":"2017-02-16T18:52:22","guid":{"rendered":"http:\/\/www.georgeglazer.com\/wpmain\/?post_type=product&#038;p=9183"},"modified":"2018-03-16T11:29:12","modified_gmt":"2018-03-16T15:29:12","slug":"natural-history-art-fish-marcus-bloch-antique-prints-berlin-18th-century","status":"publish","type":"product","link":"https:\/\/www.georgeglazer.com\/wpmain\/product\/natural-history-art-fish-marcus-bloch-antique-prints-berlin-18th-century\/","title":{"rendered":"Natural History Art, Fish, Marcus Bloch, Antique Prints, Berlin, 18th Century"},"content":{"rendered":"<div><\/div>\n","protected":false},"excerpt":{"rendered":"<p>Marcus Elieser Bloch (1723-1799) (editor)<br \/>\nJ.F. Hennig, Kruger junior, Plumier et al. (after)<br \/>\nJ.F. Hennig, L. Schmidt, A.F. Schmidt, G. Bodenehr, et al. (engravers)<br \/>\n<strong>Fish Prints <\/strong><br \/>\nfrom <strong><em>Ichthyologie, ou Histoire Naturelle, Generale et Particulaire. Avec des Figures Enlumin\u00e9es, Dessin\u00e9es d&#8217;apres Nature<br \/>\n[Icthyology, or Natural History, General and Particular. With Illuminated Plates, Drawn After Nature]<\/em><\/strong><br \/>\nChez l&#8217;auteur, Berlin: 1785-1797<br \/>\nHand-colored engravings, oblong folio<br \/>\n10.5 x 17 inches, overall<br \/>\n8 x 14.75 inches, plate mark<br \/>\n$575 each<\/p>\n<p>Natural history fish studies from the finest ichthyology color plate set ever produced &#8212; a monumental and beautiful work that continued to be a primary reference for the naturalists into the 19th century and is still admired today for its sumptuous illustrations. The plates reproduce the bright natural coloring of the fish, some of which were heightened with gold, silver or bronze to imitate the metallic sheen of scales and which gives some plates\u00a0a slight iridescence.<\/p>\n<p>Marcus Elieser Bloch was born in Anspach, Germany, and began his career as a doctor in Berlin. Later in life, at the age of 56, he turned to the study of fish. Following the practice of other naturalists during the Enlightenment, he collected specimens locally and through correspondence, and involved himself with a network of scholarly contacts in Central Europe. His first scientific work of importance &#8212; a treatise on worms &#8211; won him a prize from the Academy of Copenhagen. This was followed by his pioneering major work on fish, <strong>Icthyologie, or histoire naturelle, g\u00e9n\u00e9rale et particuli\u00e9re, <\/strong>in which he described over 200 species for the first time accompanied by hand-colored copperplate engravings.<\/p>\n<p>References:<\/p>\n<p>Catalog Listing. <em>USC Hancock Library of Biology and Oceanography. <\/em>15 August 2002. http:\/\/www.usc.edu\/isd\/locations\/science\/hancock\/rbcat\/rbbooksb\/blochm1.htm (5 November 2003).<\/p>\n<p>Nissen, Sch\u00f6ne Fischb\u00fccher, 23; cf. Nissen ZBI 415; cf. Wood p.244.<\/p>\n","protected":false},"featured_media":9169,"template":"","meta":{"wds_primary_product_brand":0,"wds_primary_product_cat":0,"footnotes":""},"product_brand":[],"product_cat":[4175,902,6783],"product_tag":[195,582,4896,4895,1512,1389,1204,4898,141,4861,4897,4893,2392,4894,1003,4168,4899],"class_list":{"0":"post-9183","1":"product","2":"type-product","3":"status-publish","4":"has-post-thumbnail","6":"product_cat-beach-house","7":"product_cat-marine","8":"product_cat-tropical-decor","9":"product_tag-18th-century","10":"product_tag-berlin","11":"product_tag-bloch","12":"product_tag-elieser","13":"product_tag-engraving","14":"product_tag-fish","15":"product_tag-folio","16":"product_tag-generale","17":"product_tag-german","18":"product_tag-histoire-naturelle","19":"product_tag-icthyologie","20":"product_tag-icthyology","21":"product_tag-life","22":"product_tag-marcus","23":"product_tag-marine","24":"product_tag-natural-history","25":"product_tag-particulaire","26":"post","27":"post-with-thumbnail","28":"post-with-thumbnail-large","30":"first","31":"instock","32":"purchasable","33":"product-type-simple"},"_links":{"self":[{"href":"https:\/\/www.georgeglazer.com\/wpmain\/wp-json\/wp\/v2\/product\/9183","targetHints":{"allow":["GET"]}}],"collection":[{"href":"https:\/\/www.georgeglazer.com\/wpmain\/wp-json\/wp\/v2\/product"}],"about":[{"href":"https:\/\/www.georgeglazer.com\/wpmain\/wp-json\/wp\/v2\/types\/product"}],"version-history":[{"count":1,"href":"https:\/\/www.georgeglazer.com\/wpmain\/wp-json\/wp\/v2\/product\/9183\/revisions"}],"predecessor-version":[{"id":16785,"href":"https:\/\/www.georgeglazer.com\/wpmain\/wp-json\/wp\/v2\/product\/9183\/revisions\/16785"}],"wp:featuredmedia":[{"embeddable":true,"href":"https:\/\/www.georgeglazer.com\/wpmain\/wp-json\/wp\/v2\/media\/9169"}],"wp:attachment":[{"href":"https:\/\/www.georgeglazer.com\/wpmain\/wp-json\/wp\/v2\/media?parent=9183"}],"wp:term":[{"taxonomy":"product_brand","embeddable":true,"href":"https:\/\/www.georgeglazer.com\/wpmain\/wp-json\/wp\/v2\/product_brand?post=9183"},{"taxonomy":"product_cat","embeddable":true,"href":"https:\/\/www.georgeglazer.com\/wpmain\/wp-json\/wp\/v2\/product_cat?post=9183"},{"taxonomy":"product_tag","embeddable":true,"href":"https:\/\/www.georgeglazer.com\/wpmain\/wp-json\/wp\/v2\/product_tag?post=9183"}],"curies":[{"name":"wp","href":"https:\/\/api.w.org\/{rel}","templated":true}]}}