{"id":7853,"date":"2017-02-15T21:05:45","date_gmt":"2017-02-16T02:05:45","guid":{"rendered":"http:\/\/www.georgeglazer.com\/wpmain\/?post_type=product&#038;p=7853"},"modified":"2024-06-25T15:47:31","modified_gmt":"2024-06-25T19:47:31","slug":"botanical-art-garden-flower-bouquet-elisa-honorine-champin-antique-print-paris-19th-century","status":"publish","type":"product","link":"https:\/\/www.georgeglazer.com\/wpmain\/product\/botanical-art-garden-flower-bouquet-elisa-honorine-champin-antique-print-paris-19th-century\/","title":{"rendered":"Botanical, Art, Garden Flower Bouquet, Elisa Honorine Champin, Antique Print, Paris, 19th Century"},"content":{"rendered":"<p>Elisa-Honorine Champin was a watercolorist and lithographer who painted mainly flowers and fruit.\u00a0\u00a0 Born in Paris, she studied under Mlle. Rich\u00e9 and exhibited at the Salon under her maiden name, Pitet, from 1833 to 1836.\u00a0 After she wed the French painter Jean-Jacques Champin (1796-1860) in 1837, she began exhibiting under her married name.\u00a0 She contributed botanical works to <strong>Le Jardin Potager [The Vegetable Garden]<\/strong> (1850-1884) a series of vegetable posters printed by Lemercier as advertisements for the Parisian firm Vilmorin-Andrieux, a leading wholesaler of seeds.<\/p>\n<p>Lemercier &amp; Cie. was a prolific lithographer of the 19th century, active from at least 1850 to 1884.\u00a0 Among their well-known works were the botanical series of vegetable posters, <strong>Le Jardin Potager [The Vegetable Garden]<\/strong> (1850-1884), by Elisa-Honorine Champin and others, for the Parisian firm Vilmorin-Andrieux, a leading wholesaler of seeds.<\/p>\n<p>Ernest Gambart (1814-1902) was a London publisher and dealer, born in Belgium, who became a British citizen in 1846.\u00a0 He learned the trade in his father&#8217;s business, which included a printing, binding and bookselling business, and a reading-room.\u00a0 Around 1833, he established his own print and papermaking business in Paris, and went to England in 1840 as a representative of Goupil &amp; Co., the leading French publisher of fine art reproductions.\u00a0 By 1842, he was a partner in the print importing business Gambart and Junin.\u00a0 Two years later, he launched what became one of the leading print publishers of the period, and produced engravings after the leading British Victorian artists.\u00a0 He frequently collaborated with Goupil &amp; Co., which by 1848 had branches in both Paris and New York. At the end of the 1840s, he expanded into dealing the works of British, French and Dutch artists, opening a London exhibition space which became known as the French Gallery.\u00a0 He became friends with leading patrons and critics of the day, including John Ruskin and F.G. Stephens.\u00a0\u00a0 He also maintained close relationships with artists such as Rosa Bonheur and Alma-Tadema, both of whom he introduced to British audiences.\u00a0 Gambart showed prominent British artists of the day, including J.M.W. Turner, David Roberts, Landseer, Millais, Dante Gabriel Rossetti and Ford Madox Brown.\u00a0 He retired a wealthy man in 1870 and served the rest of his life as the Spanish Consul-General in Nice.\u00a0 His nephew L\u00e9on Lef\u00e8vre took over the business, which became Pilgeram &amp; Lef\u00e8vre and continues today as the Lefevre Gallery.\u00a0 Gambart received many honors over his lifetime, including Member of the Royal Victorian Order in 1898.<\/p>\n<p>Botanical bouquet compositions of varieties of flowers derive from a tradition that begins with Dutch Old Master still life pictures \u2013 for a brief overview see our <a href=\"..\/..\/..\/prints\/nathist\/botanical\/botaninfo.html\">About Botanicals<\/a> page.<\/p>\n<p>Full publication information: Lemercier, Rue de Seine 57, Paris; H. Gache, rue de la Victoire, 58, Paris; Gambart, Junin &amp; Co., 25 Berners Street, Oxford Street.<\/p>\n<p>Condition: Generally very good with the usual light toning, wear, soiling, soft creases.\u00a0 Some foxing in margins, few short tears in margins restored, all matted out.<\/p>\n<p>References:<\/p>\n<p>B\u00e9n\u00e9zit, E. <em>Dictionnaire critique et documentaire des Peintres, Sculpteurs, Dessinateurs et Graveurs.<\/em>\u00a0 France: Librairie Gr\u00fcnd, 1966.\u00a0 Vol. 2, p. 425.<\/p>\n<p>Dao, Annie and Miller, Lee Norman.\u00a0 &#8220;Botanical sheet\u2014The vegetable garden.&#8221;\u00a0 <em>Agropolis Museum.<\/em>\u00a0 1996-2005.\u00a0 http:\/\/museum.agropolis.fr\/english\/pages\/expos\/aliments\/fruits_legumes\/images\/planche.htm (12 October 2005).<\/p>\n<p>Goodall, Richard.\u00a0 &#8220;Ernest Gambart.&#8221;\u00a0 <em>The Goodall Family of Artists.<\/em>\u00a0 7 September 2005. http:\/\/www.goodallartists.ca\/ernest.htm (11 November 2005).<\/p>\n","protected":false},"excerpt":{"rendered":"<p>Elisa-Honorine Champin (d. 1871) (artist and lithographer)<br \/>\nLemercier &amp; Cie. (printer)<br \/>\n<strong>Magnolia et Acacia Rose, Plate 24 [Magnolia and Rose Acacia]<br \/>\nCoquelicots et Pois Vivaces, Plate 17 [Red Poppies and Hardy Peas]<\/strong><br \/>\nH. Gache, Paris and Gambart, Junin &amp; Co., London: 3rd Quarter 19th Century<br \/>\nHand-colored lithograph with tinted block background, heightened with gum arabic<br \/>\n10.25 x 8 inches, image<br \/>\n14 x 10.75 inches, sheet<br \/>\n16 x 14.5 inches, French mat<br \/>\n$475, the pair<\/p>\n<p>Pair of prints of floral bouquets by the French botanical artist Elisa Honorine Champin. Presented in ribbon-tied bouquets, they are decorative in their arrangements of vividly-colored flowers.\u00a0 At the same time, they accurately portray the plants from a scientific perspective, achieved by skillful shading and the naturalistic, informal positioning of the flowers.<\/p>\n<p>Product description continues below.<\/p>\n","protected":false},"featured_media":8069,"template":"","meta":{"wds_primary_product_brand":0,"wds_primary_product_cat":0,"footnotes":""},"product_brand":[],"product_cat":[983,985],"product_tag":[42,5160,2384,124,5158,5161,5156,41,5157,5159,867,5052,5162,5163,1673,3137],"class_list":{"0":"post-7853","1":"product","2":"type-product","3":"status-publish","4":"has-post-thumbnail","6":"product_cat-natural-history-art","7":"product_cat-flower-compositions-floral-art","8":"product_tag-19th-century","9":"product_tag-acacia","10":"product_tag-botanicals","11":"product_tag-british","12":"product_tag-champin","13":"product_tag-coquelicots","14":"product_tag-elisa","15":"product_tag-french","16":"product_tag-honorine","17":"product_tag-lemercier","18":"product_tag-lithograph","19":"product_tag-magnolia","20":"product_tag-pois","21":"product_tag-poppies","22":"product_tag-print","23":"product_tag-rose","24":"post","25":"post-with-thumbnail","26":"post-with-thumbnail-large","28":"first","29":"instock","30":"purchasable","31":"product-type-simple"},"_links":{"self":[{"href":"https:\/\/www.georgeglazer.com\/wpmain\/wp-json\/wp\/v2\/product\/7853","targetHints":{"allow":["GET"]}}],"collection":[{"href":"https:\/\/www.georgeglazer.com\/wpmain\/wp-json\/wp\/v2\/product"}],"about":[{"href":"https:\/\/www.georgeglazer.com\/wpmain\/wp-json\/wp\/v2\/types\/product"}],"version-history":[{"count":3,"href":"https:\/\/www.georgeglazer.com\/wpmain\/wp-json\/wp\/v2\/product\/7853\/revisions"}],"predecessor-version":[{"id":40698,"href":"https:\/\/www.georgeglazer.com\/wpmain\/wp-json\/wp\/v2\/product\/7853\/revisions\/40698"}],"wp:featuredmedia":[{"embeddable":true,"href":"https:\/\/www.georgeglazer.com\/wpmain\/wp-json\/wp\/v2\/media\/8069"}],"wp:attachment":[{"href":"https:\/\/www.georgeglazer.com\/wpmain\/wp-json\/wp\/v2\/media?parent=7853"}],"wp:term":[{"taxonomy":"product_brand","embeddable":true,"href":"https:\/\/www.georgeglazer.com\/wpmain\/wp-json\/wp\/v2\/product_brand?post=7853"},{"taxonomy":"product_cat","embeddable":true,"href":"https:\/\/www.georgeglazer.com\/wpmain\/wp-json\/wp\/v2\/product_cat?post=7853"},{"taxonomy":"product_tag","embeddable":true,"href":"https:\/\/www.georgeglazer.com\/wpmain\/wp-json\/wp\/v2\/product_tag?post=7853"}],"curies":[{"name":"wp","href":"https:\/\/api.w.org\/{rel}","templated":true}]}}