{"id":7027,"date":"2017-02-15T16:31:15","date_gmt":"2017-02-15T21:31:15","guid":{"rendered":"http:\/\/www.georgeglazer.com\/wpmain\/?post_type=product&#038;p=7027"},"modified":"2022-06-20T14:30:31","modified_gmt":"2022-06-20T18:30:31","slug":"history-french-revolution-festival-of-unity-pair-antique-prints-paris-1797-sold","status":"publish","type":"product","link":"https:\/\/www.georgeglazer.com\/wpmain\/product\/history-french-revolution-festival-of-unity-pair-antique-prints-paris-1797-sold\/","title":{"rendered":"History, French Revolution, Festival of Unity, Pair Antique Prints, Paris, 1797 (Sold)"},"content":{"rendered":"<p>In <strong>F\u00e9d\u00e9ration g\u00e9n\u00e9rale des Fran\u00e7ais au Champ de Mars<\/strong>, a large crowd of Frenchmen watch a procession of soldiers in celebration of the federation of the French government on the first anniversary of the Revolution.<\/p>\n<p>Charles Monnet was a French painter of history, genre, landscapes and decorations, as well as producing drawings for prints and illustrated books. As a student at the Royal Academy he won first prize for his painting and was accepted as a member and debuted in its exhibitions two years later, in 1767. In the ensuing years he continued to exhibit regularly at the Salon exhibitions, and completed commissions for aristocratic patrons including two paintings of mythological scenes for the dining room of the Petit Trianon at the Palace of Versailles (1768 and 1772). He also illustrated books, including a fine edition of the fables of La Fontaine. Monnet made the drawings depicting scenes of the French Revolution that were engraved by Isidore-Stanislas-Henri Helman as well as a set of 69 drawings illustrating the history of France under the empire of Napoleon. At the end of his life he was named professor of drawing at the l\u2019\u00c9cole de Saint-Cyr.<\/p>\n<p>Isidore-Stanislas-Henri Helman was a French engraver and printseller. He studied drawing in his native town of Lille and completed his training in Paris. By 1777, he had established a reputation as an engraver of genre scenes. He is known for his suites of fashion engravings after Jean-Michel Moreau which were republished with a text by Restif de La Bretonne as the <strong>Monument du costume<\/strong> (1789). He also engraved a series of plates after Charles Monnet depicting scenes from the French Revolution, as well as religious and genre subjects after Baudouin, Bertaux, Lavreince and de la Fosse.<\/p>\n<p>References:<\/p>\n<p>B\u00e9n\u00e9zit, E. <em>Dictionnaire critique et documentaire des Peintres, Sculpteurs, Dessinateurs et Graveurs.<\/em> France: Librairie Gr\u00fcnd, 1966. (Helman, Vol. 4, p. 648; Monnet, Vol. 6, p. 179) (specifically mentioning these works).<\/p>\n<p>\u201cIsidore-Stanislaus-Henri Helman.\u201d <em>The Grove Dictionary of Art.<\/em> New York: Macmillan. 2000. <em>Artnet.com. <\/em>http:\/\/www.artnet.com\/library\/03\/0374\/T037435.asp (13 August 2004).<\/p>\n<p>\u201cThe Fountain of Regeneration.&#8221; <em>Liberty, Equality, Fraternity: Exploring the French Revolution. George Mason University.&#8221; <\/em>http:\/\/chnm.gmu.edu\/revolution\/d\/14 (13 August 2004).<\/p>\n","protected":false},"excerpt":{"rendered":"<p>Charles Monnet (1732-after 1808) (after)<br \/>\nIsidore-Stanislas-Henri Helman (1743-d.1806-1809) (engraver)<br \/>\n<strong>La Fontaine de la R\u00e9g\u00e9n\u00e9ration, Sur les d\u00e9vris de la Bastille, le 10 Ao\u00fbt 1793<br \/>\n[The Fountain of Regeneration, in the Debris of the Bastille, August 10, 1793]<br \/>\nF\u00e9d\u00e9ration g\u00e9n\u00e9rale des Fran\u00e7ais au Champ de Mars le 14 Juillet 1790<br \/>\n[General Federation of the French at March Field, July 14, 1790]<\/strong><br \/>\nC. Monnet, Paris: 1797<br \/>\nHand-colored copperplate engravings<br \/>\n17.5 x 23.75 inches, overall<br \/>\n14 x 18.25 inches, plate mark<\/p>\n<p>Pair of prints commemorating the French Revolution, engraved after a suite of drawings by Claude Monnet which had been exhibited at the Salon exhibition of 1793 with great success. <strong>La Fontaine de la R\u00e9g\u00e9n\u00e9ration, Sur les d\u00e9vris de la Bastille<\/strong>, depicts the Festival of Unity held in 1793, four years after the Revolution. A crowd gathers around a statue of the Egyptian goddess Isis which has been erected at the site of the infamous Bastille prison to signify the regeneration of the French people. Monnet\u2019s rendition probably lends the statue more grandeur than it had, given that it had actually been hastily fabricated from papier-m\u00e2ch\u00e9.<\/p>\n","protected":false},"featured_media":7029,"template":"","meta":{"wds_primary_product_brand":0,"wds_primary_product_cat":0,"footnotes":""},"product_brand":[],"product_cat":[5051],"product_tag":[195,5580,5582,1512,5583,5587,5577,2608,2048,41,1614,4898,5576,701,5573,1673,5578,1490],"class_list":{"0":"post-7027","1":"product","2":"type-product","3":"status-publish","4":"has-post-thumbnail","6":"product_cat-archive-sold-history-people","7":"product_tag-18th-century","8":"product_tag-bastille","9":"product_tag-debris","10":"product_tag-engraving","11":"product_tag-federation","12":"product_tag-festival","13":"product_tag-fontaine","14":"product_tag-fountain","15":"product_tag-francais","16":"product_tag-french","17":"product_tag-general","18":"product_tag-generale","19":"product_tag-helman","20":"product_tag-history","21":"product_tag-monnet","22":"product_tag-print","23":"product_tag-regeneration","24":"product_tag-revolution","25":"post","26":"post-with-thumbnail","27":"post-with-thumbnail-large","29":"first","30":"instock","31":"product-type-simple"},"_links":{"self":[{"href":"https:\/\/www.georgeglazer.com\/wpmain\/wp-json\/wp\/v2\/product\/7027","targetHints":{"allow":["GET"]}}],"collection":[{"href":"https:\/\/www.georgeglazer.com\/wpmain\/wp-json\/wp\/v2\/product"}],"about":[{"href":"https:\/\/www.georgeglazer.com\/wpmain\/wp-json\/wp\/v2\/types\/product"}],"version-history":[{"count":5,"href":"https:\/\/www.georgeglazer.com\/wpmain\/wp-json\/wp\/v2\/product\/7027\/revisions"}],"predecessor-version":[{"id":35409,"href":"https:\/\/www.georgeglazer.com\/wpmain\/wp-json\/wp\/v2\/product\/7027\/revisions\/35409"}],"wp:featuredmedia":[{"embeddable":true,"href":"https:\/\/www.georgeglazer.com\/wpmain\/wp-json\/wp\/v2\/media\/7029"}],"wp:attachment":[{"href":"https:\/\/www.georgeglazer.com\/wpmain\/wp-json\/wp\/v2\/media?parent=7027"}],"wp:term":[{"taxonomy":"product_brand","embeddable":true,"href":"https:\/\/www.georgeglazer.com\/wpmain\/wp-json\/wp\/v2\/product_brand?post=7027"},{"taxonomy":"product_cat","embeddable":true,"href":"https:\/\/www.georgeglazer.com\/wpmain\/wp-json\/wp\/v2\/product_cat?post=7027"},{"taxonomy":"product_tag","embeddable":true,"href":"https:\/\/www.georgeglazer.com\/wpmain\/wp-json\/wp\/v2\/product_tag?post=7027"}],"curies":[{"name":"wp","href":"https:\/\/api.w.org\/{rel}","templated":true}]}}