{"id":6579,"date":"2017-02-14T22:12:12","date_gmt":"2017-02-15T03:12:12","guid":{"rendered":"http:\/\/www.georgeglazer.com\/wpmain\/?post_type=product&#038;p=6579"},"modified":"2017-06-12T00:40:49","modified_gmt":"2017-06-12T04:40:49","slug":"salines-saltworks-diderots-encyclopedia","status":"publish","type":"product","link":"https:\/\/www.georgeglazer.com\/wpmain\/product\/salines-saltworks-diderots-encyclopedia\/","title":{"rendered":"Historical Art, Diderot&#8217;s Encyclopedia, Antique Prints, 18th Century, Salines [Saltworks]"},"content":{"rendered":"","protected":false},"excerpt":{"rendered":"<p>Denis Diderot (1713-1784) and Jean Le Rond d&#8217;Alembert<br \/>\n<strong>Salines<\/strong><br \/>\nfrom <strong><em>Encyclop\u00e9die, ou Dictionnaire raisonn\u00e9 des sciences, des m\u00e9tiers et des arts<\/em><\/strong><br \/>\nBook of engravings bound in original 18th Century section with marbleized covers<br \/>\n11 plates (eight 11 1\/4 inch x 8 1\/4 inch single page plates, three 11 1\/4 inch x 16 inch two page spreads)<br \/>\n$250<\/p>\n<p>Remarkable reference book containing plates that accompanied Diderot&#8217;s &#8220;Encyclopedia,&#8221; a landmark work of the Enlightenment that depicted the tools and methods of artisans and tradespeople in a methodical and thorough way. This book shows the facilities and tools of a saltworks.<\/p>\n<p>Condition: Prints generally very good with the usual light toning, wear, soiling, softcreases. Some edges lightly bumped, chipped or worn. Covers in similar condition, sometimes generally showing a little more wear than prints. Light brown stain in extreme lower left corner of some plates but does not intrude on image; can be easily matted out.<\/p>\n","protected":false},"featured_media":6581,"template":"","meta":{"wds_primary_product_brand":0,"wds_primary_product_cat":0,"footnotes":""},"product_brand":[],"product_cat":[939],"product_tag":[195,1889,5671,4072,5674,3173,3185,3187,1512,41,1379,1869,2376,2595,5676,1673,5675,5670,5677,4423,1311],"class_list":{"0":"post-6579","1":"product","2":"type-product","3":"status-publish","4":"has-post-thumbnail","6":"product_cat-manufacturing-industry","7":"product_tag-18th-century","8":"product_tag-arts","9":"product_tag-dalembert","10":"product_tag-denis","11":"product_tag-dictionnaire","12":"product_tag-diderot","13":"product_tag-encyclopedia","14":"product_tag-encyclopedie","15":"product_tag-engraving","16":"product_tag-french","17":"product_tag-industry","18":"product_tag-jean","19":"product_tag-maker","20":"product_tag-manufacturing","21":"product_tag-metiers","22":"product_tag-print","23":"product_tag-raisonne","24":"product_tag-rond","25":"product_tag-salines","26":"product_tag-saltworks","27":"product_tag-science","28":"post","29":"post-with-thumbnail","30":"post-with-thumbnail-large","32":"first","33":"instock","34":"purchasable","35":"product-type-simple"},"_links":{"self":[{"href":"https:\/\/www.georgeglazer.com\/wpmain\/wp-json\/wp\/v2\/product\/6579","targetHints":{"allow":["GET"]}}],"collection":[{"href":"https:\/\/www.georgeglazer.com\/wpmain\/wp-json\/wp\/v2\/product"}],"about":[{"href":"https:\/\/www.georgeglazer.com\/wpmain\/wp-json\/wp\/v2\/types\/product"}],"version-history":[{"count":0,"href":"https:\/\/www.georgeglazer.com\/wpmain\/wp-json\/wp\/v2\/product\/6579\/revisions"}],"wp:featuredmedia":[{"embeddable":true,"href":"https:\/\/www.georgeglazer.com\/wpmain\/wp-json\/wp\/v2\/media\/6581"}],"wp:attachment":[{"href":"https:\/\/www.georgeglazer.com\/wpmain\/wp-json\/wp\/v2\/media?parent=6579"}],"wp:term":[{"taxonomy":"product_brand","embeddable":true,"href":"https:\/\/www.georgeglazer.com\/wpmain\/wp-json\/wp\/v2\/product_brand?post=6579"},{"taxonomy":"product_cat","embeddable":true,"href":"https:\/\/www.georgeglazer.com\/wpmain\/wp-json\/wp\/v2\/product_cat?post=6579"},{"taxonomy":"product_tag","embeddable":true,"href":"https:\/\/www.georgeglazer.com\/wpmain\/wp-json\/wp\/v2\/product_tag?post=6579"}],"curies":[{"name":"wp","href":"https:\/\/api.w.org\/{rel}","templated":true}]}}