{"id":4059,"date":"2017-02-07T13:00:22","date_gmt":"2017-02-07T18:00:22","guid":{"rendered":"http:\/\/www.georgeglazer.com\/wpmain\/?post_type=product&#038;p=4059"},"modified":"2023-06-30T01:20:16","modified_gmt":"2023-06-30T05:20:16","slug":"architectural-art-alessandro-specchi-st-peters-basilica-antique-print-rome-1703","status":"publish","type":"product","link":"https:\/\/www.georgeglazer.com\/wpmain\/product\/architectural-art-alessandro-specchi-st-peters-basilica-antique-print-rome-1703\/","title":{"rendered":"Architectural, Art, Alessandro Specchi, St. Peter&#8217;s Basilica, Antique Print, Rome, 1703"},"content":{"rendered":"<p>Alessandro Specchi was an Italian architect, urban planner and engraver. He studied architecture in the studio of Carol Fontana. He was the principal architect of the Farnese Piazza, the Bank of Rome, the Via del Corso and the famous Spanish Steps. Specchi began producing sets of architectural engravings from at least 1684, many of which were published by Giovanni Giacomo de\u2019 Rossi (1626-1691), and his son Domenico de\u2019 Rossi (act. 1684-1721). He composed 52 etchings for <strong>Quarto Libro del Nuovo Teatro di Palazzi di Roma <\/strong>(1699), a series of architectural studies of famous buildings in and around Rome. Also notable are 286 plates he did for Domenico de\u2019 Rossi\u2019s <strong>Studio d\u2019Architettura Civile<\/strong> (1702-21), an architectural record of the city of Rome. The Calcografia Nazionale in Rome has some of the original plates from <strong>Nuovo Teatro<\/strong> in its collection.<\/p>\n<p>Domenico de&#8217; Rossi (1659-1730) was a publisher in Rome. Born Domenico Freddiani, he was adopted in 1679 by Giovanni Giacomo de&#8217; Rossi, the most influential publisher in Rome in the second half of the 17th century, who made him his heir. Domenico ran the publishing house from about 1691. His first major work was the fourth volume of <strong>Nuovi Disegni delle Architetture e Piante dei Palazzi di Roma<\/strong> (1699), a continuation of one of Giovanni&#8217;s important works on Roman architecture. Subsequently he published the three-volume work for which he is best known, <strong>Studio d&#8217;Architettura Civile <\/strong>(1702-1721) a major study of recent architecture in Rome. That work proved highly influential, facilitating the development of an international Baroque style by introducing architects in other regions of Italy and abroad to Roman Baroque architecture. De&#8217; Rossi also published other volumes documenting art, architecture and architectural decorations such as frescoes, including <strong>Raccolta di Statue Antiche e Moderne<\/strong> (1704), <strong>Disegni di Vari Altari e Cappelle nelle Chiese di Roma <\/strong>(1713) and <strong>Picturae Raphaelis Sanctii Urbinatis <\/strong>(1722). Around 1720, de&#8217; Rossi turned management of the firm over to his son Lorenzo Filippo (1683-after 1735). In 1738, the family sold the publishing business to the Pope.<\/p>\n<p>Additional Publication Information: Alessandro Specchi, Architetto, disegn\u00f2 et intaglio. Data in luce da Domenico de Rossi in Roma \u00e0 S. Maria della Pace con privilegio del sommo Pontefice, e Licenza d\u00e8 Sup. l&#8217;An. 1703. [Alessandro Specchi, Architect, drawing and engraving. Date highlighted by Domenico de Rossi in Rome at Our Lady of Peace with the privilege of the Supreme Pontiff\u2026Licensed in the Year 1703.]<\/p>\n<p>Dedication: All&#8217;Ill&#8217;mo, e Rev&#8217;mo Sig&#8217;re e Pron Col&#8217;mo Il Sig&#8217;r Cavaliere Filippo Melchiorre Maggio Patrizio Urbinate, e Canonico della med&#8217;ma Basilica. Esce dalle mie stampe il maraviglioso prospetto esteriore d&#8217;uno d\u00e8 fianchi della Basilica Vaticana, e benche non si sia mancato ad ogni pi\u00f9 diligente cura per darne un saggio, che sia al possibile vicino al suo originale, rimane sempre tutta volta di gran lunga minore al pregio che la f\u00e0 considerare la maggiore tr\u00e0 tutte le maraviglie del mondo. L&#8217;offro per tanto a V.S. Ill&#8217;ma a fin che sotto un si valevole, et accreditato patrocinio s&#8217;accresca valore \u00e0 questa opera, e dal suo nome si dia alla medesima honore, estima maggiore, rimanendo io intanto inalterabilmente, Di V.S. Ill&#8217;ma, e Rev&#8217;ma. Hum&#8217;mo Dev&#8217;mo Obl&#8217;mo Servo Lorenzo Filippo de Rossi.<\/p>\n<p>[Rough translation: To the illustrious and revered Signore\u2026the Knight Filippo Melchiorre Maggio Patrizio Urbinate, and Canon of the Basilica. From my press issues the marvelous prospect exterior of one of the sides of the Vatican Basilica, and although one has not failed to fulfill even the most diligent care to give an assessment, which is to come as close as possible to the original, yet it remains far less the quality that makes her considered among the greater of all the wonders of the world\u2026while I remain unalterably\u2026your Very Humble, Very Devoted, Very Obliged Servant Lorenzo Filippo de Rossi.]<\/p>\n<p>Condition: Generally very good, on laid rag paper, with the usual overall light toning, wear, handing. Minor foxing spot far lower right corner near margin. Margins a bit short and irregular, but still beyond (including) plate mark. Elaborate custom gold leaf frame with minor wear.<\/p>\n<p>References:<\/p>\n<p>\u201cAlessandro Specchi.\u201d <em>The Grove Dictionary of Art.<\/em>New York: Macmillan. 2000. <em>Artnet.com. <\/em>http:\/\/www.artnet.com\/library\/08\/0804\/T080478.asp (23 August 2005).<\/p>\n<p>Gr\u00f6nert, Alexander. &#8220;Domenico De&#8217; Rossi&#8221; in Evers, Berndt, ed. <em>Architectural Theory from the Renaissance to the Present.<\/em> Cologne: Taschen, 2003. pp. 148-150. Online at <em>Google Books<\/em>: http:\/\/books.google.com\/books?id=V5OK-Yw-A3cC&amp;pg=PA148 (26 August 2013).<\/p>\n<p>Piperno, Roberto and Moore, Rosamie. \u201cPiazza Barberini.\u201d <em>Baroque Rome in the etchings of Giuseppe Vasi.<\/em> 1999-2003. http:\/\/members.tripod.com\/romeartlover\/Vasi36.html#Palazzo (23 August 2005).<\/p>\n","protected":false},"excerpt":{"rendered":"<p>Alessandro Specchi (1668-1729) (artist and engraver)<br \/>\nLorenzo Filippo de&#8217; Rossi (1683-after 1735) (dedication)<br \/>\n<strong>Veduta Esteriore del Fianco della Gran Basilica Vaticana dalla Parte di Mezzogiorno, Architettura di Michel Angelo Buonarroti<br \/>\n[Exterior of the Great St Peter&#8217;s Basilica on the Southern Side, Architecture of Michelangelo Buonarroti]<\/strong><br \/>\nDomenico de&#8217; Rossi, Rome: c. 1703<br \/>\nEngraving<br \/>\n18.25 x 27 inches, plate mark<br \/>\n19h x 27.25 inches, overall<br \/>\n28 x 36.5 inches, gold leaf custom frame<br \/>\n$1,800<\/p>\n<p>This representation of St. Peter&#8217;s Basilica is rendered from an architectural point of view by the renowned Italian architect and engraver Alessandro Specchi. There are horizontal and diagonal scales on the left hand side of the elevation showing the dimensions of the church. There are no people, clouds or backdrop. This engraving was issued by the prolific publisher Domenico de\u2019 Rossi, and dedicated in the extensive title by his son and heir to his firm, Lorenzo Filippo de\u2019 Rossi.<\/p>\n<p>Product Description Continues Below<\/p>\n","protected":false},"featured_media":4060,"template":"","meta":{"wds_primary_product_brand":0,"wds_primary_product_cat":0,"footnotes":""},"product_brand":[],"product_cat":[975,6944,6769,923,6842,5914],"product_tag":[195,1939,531,896,1937,6195,6189,1938,1512,6192,1932,6193,6191,687,2465,4594,1935,1936,1673,591,1933,1940,1855,6194,3841],"class_list":{"0":"post-4059","1":"product","2":"type-product","3":"status-publish","4":"has-post-thumbnail","6":"product_cat-architectural-studies","7":"product_cat-dining-room","8":"product_cat-europe-and-russia-maps","9":"product_cat-historic-sites-buildings","10":"product_cat-holiday-gifts","11":"product_cat-religions","12":"product_tag-18th-century","13":"product_tag-alessandro","14":"product_tag-architectural","15":"product_tag-architecture","16":"product_tag-basilica","17":"product_tag-buonarroti","18":"product_tag-de-rossi","19":"product_tag-elevation","20":"product_tag-engraving","21":"product_tag-esteriore","22":"product_tag-exterior","23":"product_tag-fianco","24":"product_tag-filippo","25":"product_tag-great","26":"product_tag-lorenzo","27":"product_tag-michelangelo","28":"product_tag-peter","29":"product_tag-peters","30":"product_tag-print","31":"product_tag-rome","32":"product_tag-saint","33":"product_tag-specchi","34":"product_tag-vatican","35":"product_tag-vaticana","36":"product_tag-veduta","37":"post","38":"post-with-thumbnail","39":"post-with-thumbnail-large","41":"first","42":"instock","43":"purchasable","44":"product-type-simple"},"_links":{"self":[{"href":"https:\/\/www.georgeglazer.com\/wpmain\/wp-json\/wp\/v2\/product\/4059","targetHints":{"allow":["GET"]}}],"collection":[{"href":"https:\/\/www.georgeglazer.com\/wpmain\/wp-json\/wp\/v2\/product"}],"about":[{"href":"https:\/\/www.georgeglazer.com\/wpmain\/wp-json\/wp\/v2\/types\/product"}],"version-history":[{"count":2,"href":"https:\/\/www.georgeglazer.com\/wpmain\/wp-json\/wp\/v2\/product\/4059\/revisions"}],"predecessor-version":[{"id":38241,"href":"https:\/\/www.georgeglazer.com\/wpmain\/wp-json\/wp\/v2\/product\/4059\/revisions\/38241"}],"wp:featuredmedia":[{"embeddable":true,"href":"https:\/\/www.georgeglazer.com\/wpmain\/wp-json\/wp\/v2\/media\/4060"}],"wp:attachment":[{"href":"https:\/\/www.georgeglazer.com\/wpmain\/wp-json\/wp\/v2\/media?parent=4059"}],"wp:term":[{"taxonomy":"product_brand","embeddable":true,"href":"https:\/\/www.georgeglazer.com\/wpmain\/wp-json\/wp\/v2\/product_brand?post=4059"},{"taxonomy":"product_cat","embeddable":true,"href":"https:\/\/www.georgeglazer.com\/wpmain\/wp-json\/wp\/v2\/product_cat?post=4059"},{"taxonomy":"product_tag","embeddable":true,"href":"https:\/\/www.georgeglazer.com\/wpmain\/wp-json\/wp\/v2\/product_tag?post=4059"}],"curies":[{"name":"wp","href":"https:\/\/api.w.org\/{rel}","templated":true}]}}