{"id":14738,"date":"2017-03-13T15:31:47","date_gmt":"2017-03-13T19:31:47","guid":{"rendered":"http:\/\/www.georgeglazer.com\/wpmain\/?post_type=product&#038;p=14738"},"modified":"2025-10-15T20:46:16","modified_gmt":"2025-10-16T00:46:16","slug":"botanical-art-garden-flowers-chinoiserie-buchoz-antique-prints-paris-1776-79","status":"publish","type":"product","link":"https:\/\/www.georgeglazer.com\/wpmain\/product\/botanical-art-garden-flowers-chinoiserie-buchoz-antique-prints-paris-1776-79\/","title":{"rendered":"Botanical, Art, Garden Flowers, Chinoiserie, Buchoz, Antique Prints, Paris, 1776-79"},"content":{"rendered":"<p>Pierre Joseph Buchoz (also spelled Buc&#8217;hoz), was a French physician and naturalist as well as an extremely prolific author of natural history books in the latter half of the 18th century, with a particular emphasis on copiously illustrated sets of botanicals. Born in Metz, he served at various times as physician to the King of Poland, the brother of the King of France, and the Duke of Artois. Buchoz was a member of academies in France and Europe and his monumental<strong> Histoire Universelle du R\u00e8gne V\u00e9g\u00e9tal <\/strong>([1774-]1775-1780) \u2014 with 1,200 botanical engravings \u2014 earned the approval of the Academy of Science. Some of the plates in his works were apparently derived from those in works by others (such as de S\u00e8ve) and Buchoz also managed to be so prolific because he often adapted text and material between and among his own works. Nonetheless, the overall quality of his prints is comparable to the best European and English natural history works of the same period in their great attention to composition and scientific detail, and in the quality of the engraving and coloring. Indeed, Buchoz also had the distinction of producing the first European florilegium in which a large number of the images were of flowers grown in Chinese gardens, and which widely incorporated the so called \u201cChinoiserie\u201d style, in <strong>Collection Pr\u00e9cieuse et Enlumin\u00e9e des Fleurs les Plus Belles et les Plus Curieuses<\/strong> (1776-79).<\/p>\n<p>Condition: Generally very good with the usual overall light toning and wear.<\/p>\n<p>References:<\/p>\n<p>Blunt, Wilfred, rev. by Stearn, William T. <em>The Art of Botanical Illustration.<\/em> Woodbridge, Suffolk, England: Antique Collectors Club, 1994. pp. 175, 178-9.<\/p>\n<p>Dunthorne, Gordon. <em>Flower and Fruit Prints of the 18th and Early 19th Centuries. Their History, Makers and Uses, with a Catalogue Raisonne of the Works in Which They are Found.<\/em> Washington, D.C.: Published by the Author, 1938. 60.<\/p>\n<p>Nissen, Claus. <em>Die Botanische Buchillustration: ihre Geschichte und Bibliographie.<\/em> Stuttgart:1951-66. 282.<\/p>\n<p>Pritzel, Georg August. <em>Thesaurus Literaturae Botanicae Omnium Gentium.<\/em> Milan: 1950. 1326<\/p>\n<p>Sullivan, Michael. <em>The Meeting of Eastern and Western Art.<\/em> Berkeley and Los Angeles: University of California Press, 1989. p. 104. Online at <em>Google Books:<\/em> http:\/\/books.google.com\/books?id=PMFwC1gP0BkC&amp;pg=PA104 (10 November 2014).<\/p>\n","protected":false},"excerpt":{"rendered":"<p>Pierre Joseph Buchoz (1731-1807) (editor)<br \/>\n<strong>Chinoiserie Botanical Prints<\/strong><br \/>\nfrom <strong><em>Collection Pr\u00e9cieuse et Enlumin\u00e9e des fleurs les plus Belles et les plus Curieuses, qui se cultivent tant dans les jardins de la Chine que dans ceux de l&#8217;Europe <\/em><\/strong><br \/>\n<strong><em>[Precious and Illuminated Collection of the Most Beautiful and the Most Unusual Flowers Cultivated in the Gardens of China and in Those of Europe]<\/em><\/strong><br \/>\nParis, Lacombe: 1776-79<br \/>\nHand-colored engravings<br \/>\n8.5 x 12.5 inches, plate mark<br \/>\n11 x 18 inches, overall<br \/>\n$900 each<\/p>\n<p>To see other Buchoz botanical prints on our site, use our site search engine.<\/p>\n<p>A series of prints of unusual and beautiful flowers cultivated in gardens in China and Europe in the 18th century. They are from what is often considered the most innovative and decorative work by the prolific French author Pierre Joseph Buchoz. The composition and style of the works is unusual in the incorporation of numerous stylistic elements of Chinese art. The background landscapes and the inclusion of butterflies, insects and birds in particular often suggest the Chinese influence and some of the prints even have captions in Chinese characters below the yellow wash lined border. As such, this was the first European scientific botanical work to consistently incorporate the so called \u201cChinoiserie\u201d style that became particularly in vogue during the Louis XV rococo period of the third quarter of the 18th century. Moreover, as stated by art historian Michael Sullivan, these engravings are &#8220;remarkable from the technical point of view&#8221; for the way in which &#8220;the engraver has not merely transmitted the line\u2026but has managed to suggest, with the burin, the tone of Chinese watercolour. Only when we look carefully at these pictures do we realize that they are engraved and not drawn with the brush.\u201d<\/p>\n<p>Product description continues below.<\/p>\n","protected":false},"featured_media":44996,"template":"","meta":{"wds_primary_product_brand":0,"wds_primary_product_cat":0,"footnotes":""},"product_brand":[],"product_cat":[983,6944,6790,6882],"product_tag":[195,3350,2899,900,3430,3252,572,3436,3431,3362,3434,1512,3433,3351,2383,41,636,3435,1281,3290,3349,3432,1673],"class_list":{"0":"post-14738","1":"product","2":"type-product","3":"status-publish","4":"has-post-thumbnail","6":"product_cat-natural-history-art","7":"product_cat-dining-room","8":"product_cat-garden-room","9":"product_cat-mothers-day","10":"product_tag-18th-century","11":"product_tag-belles","12":"product_tag-birds","13":"product_tag-botanical","14":"product_tag-buchoz","15":"product_tag-butterflies","16":"product_tag-china","17":"product_tag-chine","18":"product_tag-chinoiserie","19":"product_tag-collection","20":"product_tag-curieuses","21":"product_tag-engraving","22":"product_tag-enluminee","23":"product_tag-fleurs","24":"product_tag-flowers","25":"product_tag-french","26":"product_tag-garden","27":"product_tag-jardins","28":"product_tag-joseph","29":"product_tag-pierre","30":"product_tag-plus","31":"product_tag-precieuse","32":"product_tag-print","33":"post","34":"post-with-thumbnail","35":"post-with-thumbnail-large","37":"first","38":"instock","39":"purchasable","40":"product-type-simple"},"_links":{"self":[{"href":"https:\/\/www.georgeglazer.com\/wpmain\/wp-json\/wp\/v2\/product\/14738","targetHints":{"allow":["GET"]}}],"collection":[{"href":"https:\/\/www.georgeglazer.com\/wpmain\/wp-json\/wp\/v2\/product"}],"about":[{"href":"https:\/\/www.georgeglazer.com\/wpmain\/wp-json\/wp\/v2\/types\/product"}],"version-history":[{"count":7,"href":"https:\/\/www.georgeglazer.com\/wpmain\/wp-json\/wp\/v2\/product\/14738\/revisions"}],"predecessor-version":[{"id":45012,"href":"https:\/\/www.georgeglazer.com\/wpmain\/wp-json\/wp\/v2\/product\/14738\/revisions\/45012"}],"wp:featuredmedia":[{"embeddable":true,"href":"https:\/\/www.georgeglazer.com\/wpmain\/wp-json\/wp\/v2\/media\/44996"}],"wp:attachment":[{"href":"https:\/\/www.georgeglazer.com\/wpmain\/wp-json\/wp\/v2\/media?parent=14738"}],"wp:term":[{"taxonomy":"product_brand","embeddable":true,"href":"https:\/\/www.georgeglazer.com\/wpmain\/wp-json\/wp\/v2\/product_brand?post=14738"},{"taxonomy":"product_cat","embeddable":true,"href":"https:\/\/www.georgeglazer.com\/wpmain\/wp-json\/wp\/v2\/product_cat?post=14738"},{"taxonomy":"product_tag","embeddable":true,"href":"https:\/\/www.georgeglazer.com\/wpmain\/wp-json\/wp\/v2\/product_tag?post=14738"}],"curies":[{"name":"wp","href":"https:\/\/api.w.org\/{rel}","templated":true}]}}