{"id":13876,"date":"2017-03-06T18:16:50","date_gmt":"2017-03-06T23:16:50","guid":{"rendered":"http:\/\/www.georgeglazer.com\/wpmain\/?post_type=product&#038;p=13876"},"modified":"2022-02-15T01:41:51","modified_gmt":"2022-02-15T06:41:51","slug":"botanical-art-nature-printed-sepia-von-ettingshausen-antique-prints-prague-1873","status":"publish","type":"product","link":"https:\/\/www.georgeglazer.com\/wpmain\/product\/botanical-art-nature-printed-sepia-von-ettingshausen-antique-prints-prague-1873\/","title":{"rendered":"Botanical, Art, Nature Printed, Sepia, von Ettingshausen, Antique Prints, Prague, 1873"},"content":{"rendered":"<p>Nature printing was perfected in Vienna and London in the mid 19th century.\u00a0 In this process a dried, flattened plant was pressed between two lead plates, leaving an impression which in turn was transferred by electrotype to a copper plate.\u00a0 This in turn was reverse cast to make an intaglio plate for printing each plant image on paper. Nature printing became obsolete in the early 20th Century when x-ray photography provided a more efficient means of achieving the same kind of detailed record of plant characteristics such as patterns of leaf veining.<\/p>\n<p><strong>Physiotypia Plantarum Austriacarum<\/strong> is one of the greatest ever nature printed books. The original collection consisted of 530 plates published in Vienna, c. 1855-56 in five folio volumes and a quarto volume.\u00a0 A second edition, published in Prague in 1873, expanded the number of plates to 1,000.\u00a0 In each edition, the plants were printed in sepia ink.\u00a0 The Vienna edition was printed under the supervision of Alois Auer (1813-1869), director of the Imperial Printing House in Vienna, who along with Henry Bradbury in London, produced the finest nature prints.\u00a0 Auer improved upon earlier versions of the technique, which had been in use in published works since the 18th century. Von Ettingshausen, a paleobotanist, saw an application to his research comparing fossil plants to present-day species.\u00a0 His interests are aptly captured in the subtitle of the work: &#8220;with particular reference to veining in the surface organs of plants.&#8221;\u00a0 His co-author, Alois Pokorny, studied botany and also produced a subsequent nature-printed work of leaves from woody Austrian plants.<\/p>\n<p>Full title: <strong>Physiotypia Plantarum Austriacarum Der Naturselbstdruck in seiner Anwendung auf die Gef\u00e4sspflanzen des \u00d6sterreichischen, mit besonderer Berucksichtigung der Nervation in den Fl\u00e4chenorganen der Pflanzen<\/strong>.\u00a0 <strong>[Physiotypes of Austrian Plants, <\/strong><strong>nature pressing, as applied to the vascular plants of the Austrian imperial state, with particular reference to veining in the surface organs of plants.] <\/strong><\/p>\n<p>Condition: Generally very good with the usual overall light toning and wear.\u00a0 Some with soft creases, light staining in far outer margins, can be matted out.\u00a0 Some with minor pale scattered foxing.<\/p>\n<p>References:<\/p>\n<p>Blunt, Wilfred, rev. by Stearn, William T.\u00a0 <em>The Art of Botanical Illustration.<\/em>\u00a0 Woodbridge, Suffolk, England: Antique Collectors Club, 1994.\u00a0 pp. 157-58.<\/p>\n<p>Nissen, Claus. <em>Die Botanische Buchillustration: ihre Geschichte und Bibliographie.<\/em> Stuttgart:1951-66. 613.<\/p>\n<p>Stafleu, Frans A. and Richard S.Cowan. <em>Taxonomic Literature.<\/em> Utrecht: 1967. 2nd ed., Utrecht: 1976-1988. 1723.<\/p>\n","protected":false},"excerpt":{"rendered":"<p>Constantin Freiherrn von Ettingshausen (1826-97) (co-author)<br \/>\nAlois Pokorny (1826-86) (co-author)<br \/>\n<strong>Nature-printed Plants<\/strong><br \/>\nfrom <em><strong>Physiotypia Plantarum Austriacarum Der Naturselbstdruck&#8230;der Pflanzen<\/strong><\/em><br \/>\n<em><strong>[Physiotypes of Austrian Plants, Nature-pressed]<\/strong><\/em><br \/>\nAlois Auer (1813-1869), Imperial Printing House, Vienna: c. 1855-56<br \/>\nVerlag von F. Tempsky, Prague: 1873<br \/>\nNature-printed engravings in sepia ink<br \/>\n17 x 15 inches, platemark<br \/>\n22.75 x 15.75 inches, overall<br \/>\n$550 each<\/p>\n<p>A selection of nature-printed Austrian plant specimens, including leaves, flowers fern fronds, and grasses, some with stems and roots.\u00a0 Many of the plants had medicinal uses and still are found in homeopathic remedies.\u00a0 Ferns in particular were fashionable decorative motifs in the Victorian era.\u00a0 The prints combine aesthetically pleasing compositions with the scientific precision and objectivity inherent in the process.\u00a0 A group of four nature prints from this series were loaned by George Glazer Gallery to the Martha Stewart Living television program, where they appeared on the set in Fall 1999.\u00a0 The plates shown here all come from Vol. 2 of the Prague edition published 1873.<\/p>\n<p>Product description continues below.<\/p>\n","protected":false},"featured_media":13878,"template":"","meta":{"wds_primary_product_brand":0,"wds_primary_product_cat":0,"footnotes":""},"product_brand":[],"product_cat":[4175,983,6790,1174,5227],"product_tag":[42,3225,3285,509,3278,3281,3133,3279,3161,3286,3283,3284,3267,3282,3288,3287,1673,2793,3289,3153,3280],"class_list":{"0":"post-13876","1":"product","2":"type-product","3":"status-publish","4":"has-post-thumbnail","6":"product_cat-beach-house","7":"product_cat-natural-history-art","8":"product_cat-garden-room","9":"product_cat-library-furnishings","10":"product_cat-ski-lodge-decor","11":"product_tag-19th-century","12":"product_tag-alois","13":"product_tag-austriacarum-naturselbstdruck","14":"product_tag-austrian","15":"product_tag-constantin","16":"product_tag-ettingshausen","17":"product_tag-flower","18":"product_tag-freiherrn","19":"product_tag-nature","20":"product_tag-pflanzen","21":"product_tag-physiotypia","22":"product_tag-plantarum","23":"product_tag-plants","24":"product_tag-pokorny","25":"product_tag-prague","26":"product_tag-pressed","27":"product_tag-print","28":"product_tag-printed","29":"product_tag-sepia","30":"product_tag-vienna","31":"product_tag-von","32":"post","33":"post-with-thumbnail","34":"post-with-thumbnail-large","36":"first","37":"instock","38":"product-type-simple"},"_links":{"self":[{"href":"https:\/\/www.georgeglazer.com\/wpmain\/wp-json\/wp\/v2\/product\/13876","targetHints":{"allow":["GET"]}}],"collection":[{"href":"https:\/\/www.georgeglazer.com\/wpmain\/wp-json\/wp\/v2\/product"}],"about":[{"href":"https:\/\/www.georgeglazer.com\/wpmain\/wp-json\/wp\/v2\/types\/product"}],"version-history":[{"count":2,"href":"https:\/\/www.georgeglazer.com\/wpmain\/wp-json\/wp\/v2\/product\/13876\/revisions"}],"predecessor-version":[{"id":33470,"href":"https:\/\/www.georgeglazer.com\/wpmain\/wp-json\/wp\/v2\/product\/13876\/revisions\/33470"}],"wp:featuredmedia":[{"embeddable":true,"href":"https:\/\/www.georgeglazer.com\/wpmain\/wp-json\/wp\/v2\/media\/13878"}],"wp:attachment":[{"href":"https:\/\/www.georgeglazer.com\/wpmain\/wp-json\/wp\/v2\/media?parent=13876"}],"wp:term":[{"taxonomy":"product_brand","embeddable":true,"href":"https:\/\/www.georgeglazer.com\/wpmain\/wp-json\/wp\/v2\/product_brand?post=13876"},{"taxonomy":"product_cat","embeddable":true,"href":"https:\/\/www.georgeglazer.com\/wpmain\/wp-json\/wp\/v2\/product_cat?post=13876"},{"taxonomy":"product_tag","embeddable":true,"href":"https:\/\/www.georgeglazer.com\/wpmain\/wp-json\/wp\/v2\/product_tag?post=13876"}],"curies":[{"name":"wp","href":"https:\/\/api.w.org\/{rel}","templated":true}]}}