{"id":1205,"date":"2016-11-16T18:23:50","date_gmt":"2016-11-16T23:23:50","guid":{"rendered":"http:\/\/www.georgeglazer.com\/wpmain\/?post_type=product&#038;p=1205"},"modified":"2025-03-10T16:05:15","modified_gmt":"2025-03-10T20:05:15","slug":"globe-belgian-windels-terrestrial-world-13-inch-table-globe-ethnographic-tripod-iron-stand-brussels-c-1908-14","status":"publish","type":"product","link":"https:\/\/www.georgeglazer.com\/wpmain\/product\/globe-belgian-windels-terrestrial-world-13-inch-table-globe-ethnographic-tripod-iron-stand-brussels-c-1908-14\/","title":{"rendered":"Globe, Belgian, Windels, Terrestrial World, 13-Inch Table Globe, Ethnographic, Tripod Iron Stand, Brussels, c. 1908-14 (Sold)"},"content":{"rendered":"<p>The unusual, probably unique feature of the globe is the inclusion of five illustrations representing different races by a portrait head placed in proximity to where each is indigenous. According to the standard categories of the day, they are identified mostly by color: Race Rouge, Race Blanche, Race Noire, Race Jaune and Malais (Red Race, White Race, Black Race, Yellow Race and Malay). Beneath each illustration, a caption lists the nationalities and where in the world they are found.<\/p>\n<p>In North America, the Upper Midwest is labeled &#8220;Sioux Indiens&#8221; and Northern Mexico is labeled &#8220;Apaches.&#8221; The Antarctic is outlined, though not as recognized today as the correct coastline. The Belgian Congo is shown in Africa and St. Petersburg in Russia, dating this globe to between 1908 and 1914. Around 1924, a third (and probably final) edition of the globe was produced with updated geographical information.<\/p>\n<p>L. Windels was active in Brussels during the first quarter of the 20th century, apparently only producing a 6-inch version and a 12-inch version of this ethnographic terrestrial globe.<\/p>\n<p>Cartouche: GLOBE TERRESTRE\/ 2me \u00c9dition\/ \u00e0 l\u2019\u00c9chelle de 1\/40,000,000\/ (1 millim\u00e9tre par 40 Kilom\u00e8tres)\/ dress\u00e9 d\u2019apr\u00e8s les derni\u00e8res donn\u00e9es des\/ G\u00c9OGRAPHES LES PLUS R\u00c9PUT\u00c9S\/ avec illustrations ethnographiques.<\/p>\n<p><strong>Additional legends below cartouche: <\/strong><\/p>\n<p>SIGNES CONVENTIONNELS\/ Villes capitals\/ Autres villes importantes\/ Limites des \u00e9tats\/ Limites des terres\/ Direction des courants\/ Grandes lignes de navig[a]tion\/ C\u00e2bles t\u00e9l\u00e9graphiques\/ Grandes lignes de ch[em]in de fer<\/p>\n<p>Colonies\/ A. Anglaises\/ B. Belges\/ D. Danoises\/ E. Espagnoles\/ F. Possessions Fran\u00e7aises\/ H. Hollandaises\/ I. Italiennes\/ P. Portugaises\/ R. Russes\/ EU. Possessions des \u00c9tats-Unis<\/p>\n<p>EDITEUR\/ L. WINDELS\/ BRUXELLES<\/p>\n","protected":false},"excerpt":{"rendered":"<p>L. Windels<br \/>\n<strong>12.75-inch Table Globe<\/strong><br \/>\n<strong>Globe Terrestre<\/strong><br \/>\nBrussels: c. 1908-14 (2nd Edition)<br \/>\nIron tripod stand<br \/>\n20.75 inches high, 12.75 inches (33 cm.) approximate diameter<\/p>\n<p>An educational terrestrial table globe in French, particularly noteworthy for its inclusion of ethnographic illustrations and information of peoples of the world. The globe is surmounted by a finial, set on at inclination arm at 23 degrees, on a cast-iron tripod stand with raised decoration in the baroque taste, ending in scrolled feet. The oceans show ocean currents (indicated with rows of parallel lines), cable lines, steamship routes with ports of arrival and departure and the tracks of various explorers including Cook, Columbus, da Gama, La Perouse and Magellan. Oceans are shaded green, continents are shaded green, yellow and tan, some with yellow outline, with European colonies indicated by different colors according to a key beneath the cartouche, though the colors and color distinctions are subtle due to fading over time. Geographical information includes national boundaries, rivers, mountains, major cities and railway lines.<\/p>\n<p>Product description continues below.<\/p>\n","protected":false},"featured_media":23732,"template":"","meta":{"wds_primary_product_brand":0,"wds_primary_product_cat":0,"footnotes":""},"product_brand":[],"product_cat":[7991],"product_tag":[61,275,938,99,37,5343,5340,273,5345],"class_list":{"0":"post-1205","1":"product","2":"type-product","3":"status-publish","4":"has-post-thumbnail","6":"product_cat-english-european-archive","7":"product_tag-20th-century","8":"product_tag-belgian","9":"product_tag-ethnographic","10":"product_tag-european","11":"product_tag-globe","12":"product_tag-table-globe","13":"product_tag-terrestrial-globe","14":"product_tag-windels","15":"product_tag-world-globe","16":"pa_maker-windels","17":"pa_maker-location-belgium","18":"pa_maker-location-europe","19":"post","20":"post-with-thumbnail","21":"post-with-thumbnail-large","23":"first","24":"instock","25":"sold-individually","26":"product-type-simple"},"_links":{"self":[{"href":"https:\/\/www.georgeglazer.com\/wpmain\/wp-json\/wp\/v2\/product\/1205","targetHints":{"allow":["GET"]}}],"collection":[{"href":"https:\/\/www.georgeglazer.com\/wpmain\/wp-json\/wp\/v2\/product"}],"about":[{"href":"https:\/\/www.georgeglazer.com\/wpmain\/wp-json\/wp\/v2\/types\/product"}],"version-history":[{"count":3,"href":"https:\/\/www.georgeglazer.com\/wpmain\/wp-json\/wp\/v2\/product\/1205\/revisions"}],"predecessor-version":[{"id":38613,"href":"https:\/\/www.georgeglazer.com\/wpmain\/wp-json\/wp\/v2\/product\/1205\/revisions\/38613"}],"wp:featuredmedia":[{"embeddable":true,"href":"https:\/\/www.georgeglazer.com\/wpmain\/wp-json\/wp\/v2\/media\/23732"}],"wp:attachment":[{"href":"https:\/\/www.georgeglazer.com\/wpmain\/wp-json\/wp\/v2\/media?parent=1205"}],"wp:term":[{"taxonomy":"product_brand","embeddable":true,"href":"https:\/\/www.georgeglazer.com\/wpmain\/wp-json\/wp\/v2\/product_brand?post=1205"},{"taxonomy":"product_cat","embeddable":true,"href":"https:\/\/www.georgeglazer.com\/wpmain\/wp-json\/wp\/v2\/product_cat?post=1205"},{"taxonomy":"product_tag","embeddable":true,"href":"https:\/\/www.georgeglazer.com\/wpmain\/wp-json\/wp\/v2\/product_tag?post=1205"}],"curies":[{"name":"wp","href":"https:\/\/api.w.org\/{rel}","templated":true}]}}